e the remainder when q is divided by (18 - -1) + (-1)/1.
17
Let p = 353 + -337. Calculate the remainder when 36 is divided by p.
4
Let r = 125 + 33. Calculate the remainder when r is divided by 16.
14
Let l(w) = w**3 + 10*w**2 + w. Let g be l(-8). Suppose 3*n - 4*n = -g. Suppose -n + 450 = 6*x. Calculate the remainder when x is divided by 19.
17
Let x(k) = 9*k + 5. Let q(m) = 9*m + 6. Let z(d) = 2*q(d) - 3*x(d). Calculate the remainder when z(-2) is divided by 4.
3
Let i(p) = 3*p - 18. Let l be i(6). Let h(n) = n**2 - 4*n + 49. What is the remainder when h(l) is divided by 18?
13
Calculate the remainder when 1 + 8/2 + 25 is divided by -2*((-165)/(-6))/(-5).
8
Suppose -2*o + 5*q = -250, q - 5*q = 4*o - 472. Let b = -68 + o. What is the remainder when b is divided by 11?
8
Let r = -47 - -51. What is the remainder when (-4 + 220/(-6))/(r/(-6)) is divided by 9?
7
Let m(o) = -o**3 + 12*o**2 - 12*o + 15. Let f be m(11). Suppose 3*s - 9 - 5 = -c, -2*c + f*s + 8 = 0. Calculate the remainder when 11 is divided by c.
3
Let s = 166 - 65. Suppose 2*t - 5*o - 15 = -47, 2*t + 48 = o. Calculate the remainder when s is divided by t*(-6 + 2 - -3).
23
Let c = 110 + -104. What is the remainder when c is divided by 4?
2
Let w = 14 + -11. Calculate the remainder when 7 is divided by w*3/(1 + 2).
1
Suppose -5*s = 5*l - 109 - 16, 99 = 4*s + 3*l. Let a = -202 + 297. What is the remainder when a is divided by s?
23
Suppose 7 = -d + 11. Suppose 4*b = -d*b + 432. Calculate the remainder when b is divided by 19.
16
Let b(l) = -2*l - 4. Calculate the remainder when 30 is divided by b(-11).
12
Suppose -4*y + 571 = 5*w, 3*w - 53 = 3*y + 268. Suppose -15 = 6*x - w. Calculate the remainder when 43 is divided by x.
11
Suppose -2*v - 3*b = -1373, 0*v - 5*v - 3*b = -3437. Calculate the remainder when v is divided by 15.
13
Let g = 346 - 287. What is the remainder when 117 is divided by g?
58
Let l = 0 - 6. Let g = l - -20. Suppose -g = -2*j + 6. What is the remainder when j is divided by 4?
2
Let n(h) = -h**2 + 46*h + 4. Calculate the remainder when 8 is divided by n(46).
0
Let p = -181 + 217. What is the remainder when p is divided by 13?
10
Let s = 10 + 12. Let l(v) = -v + 4. Let u be l(6). Let z(j) = 12*j**2 + 3*j + 1. What is the remainder when z(u) is divided by s?
21
Let d = -12 + 10. Let i be 2*(-1 + (-5)/d). Suppose 4*x = 3*u + 32, -2*u - 24 = -i*x + 1. Calculate the remainder when x is divided by 3.
2
Suppose 25 - 31 = -2*d. Calculate the remainder when 32 is divided by d.
2
Suppose -3*y + 41 = 4*j + 6, 2*y = -4*j + 34. What is the remainder when 12 is divided by j?
4
Let g be 0 - 279/(-7) - 57/(-399). Suppose -136 = -4*o - 3*d + 7, 5*d - g = -o. Calculate the remainder when o is divided by 12.
11
What is the remainder when 9650/150 - 5/(-3) is divided by 14?
10
Suppose -20*y + 15*y + 60 = 0. Let w be (y + 3)*69/(-9). Let g = 169 + w. Calculate the remainder when g is divided by 19.
16
Let h(a) = 95*a + 80. What is the remainder when h(6) is divided by 21?
20
Suppose 90 + 278 = 4*t. What is the remainder when t is divided by 32?
28
Calculate the remainder when 474 is divided by (24/(-5) - -4)*-5 + 10.
12
Suppose c - 581 = -4*g, -5*g + 18*c = 22*c - 718. What is the remainder when g is divided by 25?
21
Suppose 0*l = -3*v - 3*l + 648, -v + 208 = -l. Let n = -128 + v. Suppose -3*k - k = -n. What is the remainder when k is divided by 11?
10
Suppose -3*z - 6 = o, 0*o - 2*z = 2*o. Let r(x) = -x**3 + 2*x**2 - x - 2. Let d be r(o). Calculate the remainder when 33 is divided by (d/(-21))/(4/54).
6
Let b(n) = -n**3 + 5*n**2 + 7*n + 2. Let z = -301 + 355. What is the remainder when z is divided by b(6)?
6
Suppose -6*d = -49 - 29. What is the remainder when 36 is divided by d?
10
Let v(p) = 2*p**2 + 11*p - 26. Let f(m) = 3*m**2 + 23*m - 51. Let k(g) = 3*f(g) - 5*v(g). Calculate the remainder when k(10) is divided by 2.
1
Let s = 680 - 654. Calculate the remainder when 61 is divided by s.
9
Let p(n) = -n + 10. Let z be p(7). Suppose -3*b - 3 = -z*s, 3*b - s = -0*b - 3. Calculate the remainder when 39 is divided by -2*(b - (-38)/(-4)).
18
Let s(v) = -v - 2. Let k(o) = 9*o - 13. Let r be k(10). Suppose -4*w - 32 = 2*x, -4*w + 21 = -4*x + r. Calculate the remainder when 14 is divided by s(w).
6
Suppose 5*s - 5 = 0, 3*c - 6*s = -3*s + 21. What is the remainder when 23 is divided by c?
7
Let b = 206 - 160. What is the remainder when b is divided by 7?
4
Let t be (((-7)/(-3))/(-7))/(2/(-84)). Suppose 0 = -5*z, c - 3*z + 3 = t. Calculate the remainder when 27 is divided by c.
5
Suppose 27*t + 4*n - 276 = 23*t, -t + 69 = 2*n. Calculate the remainder when 220 is divided by t.
13
Suppose -2*q + q = -24. Let t(m) be the first derivative of -9*m**4/4 + m**3/3 + m**2 + m - 10. Calculate the remainder when q is divided by t(-1).
6
Let z(a) = a**3 + 10*a**2 + 6*a - 4. Let d = 14 - -75. What is the remainder when d is divided by z(-9)?
20
Let a = -94 - -98. Suppose 8*d - 3*d - 3*l - 110 = 0, -a*d + l + 95 = 0. Calculate the remainder when 74 is divided by d.
24
Let y be (-2)/(-2)*2 - 0. Suppose 5*m - 4*m = -4*l + 150, -y*m + 2*l = -270. What is the remainder when m is divided by 47?
44
Let y(h) = -2*h**2 - 97*h + 155. Let n = 5 + -1. Calculate the remainder when y(-50) is divided by n.
1
Let f = 1518 + -1446. What is the remainder when f is divided by 13?
7
Let d(p) = p**3 - 19*p**2 + 50*p - 13. What is the remainder when (4/(-5))/((-4)/460) is divided by d(16)?
16
Let o = 25 - 22. Suppose -22 + 4 = -o*y. Suppose -48 - 18 = -y*i. Calculate the remainder when i is divided by 3.
2
Let z = 54 + -27. Let a = 50 - z. Calculate the remainder when ((-3)/(-9))/((-3)/(-801)) is divided by a.
20
Suppose 2*n - 5*t - 8 = n, -2*n = -t - 7. Suppose -2*d = n*i - 5, 4*d = 3*d - i + 4. Calculate the remainder when 53 is divided by d.
4
Let y(i) = 4*i + 4. Calculate the remainder when 6/(-13) + (-168714)/(-3042) is divided by y(4).
15
Let f = -46 + 57. Calculate the remainder when 12 is divided by f.
1
Let u(j) = -2*j - 4. Let i be u(-5). Suppose -6 = -3*g, -a + 9*g - i = 4*g. Suppose 0 = a*w - 50 - 14. What is the remainder when 63 is divided by w?
15
Let z(y) = -y**3 - 14*y**2 - 3*y + 4. Let c be z(-14). Suppose -5*d + 109 = -r - 2*r, 2*r + c = 2*d. Calculate the remainder when 79 is divided by d.
19
Suppose 86 = 13*u - 486. Suppose -3*o + 3*s + u = -58, -3*o - 4*s + 109 = 0. What is the remainder when o is divided by 4?
3
Let j(h) = 3*h**3 + h**2 - h + 1. Let w be j(1). Suppose 5*x = -w*m + 337, -355 = -3*m - 5*x - 96. Calculate the remainder when m is divided by 27.
24
Suppose 0 = 2*j + 3*j + a + 80, -2*j - 15 = -3*a. Calculate the remainder when ((-46)/4)/((-48)/96) is divided by (-2)/(-3)*j/(-2).
3
Let k be 0 + -4*(-3)/6. Suppose 0 = 3*f - 5*m - 53, -3*m + 2*m = 4. Calculate the remainder when f is divided by 4 + (-8)/(-2 - k).
5
Suppose w + 34 + 70 = 5*l, -4*w = -3*l + 76. Let u = 11 + l. What is the remainder when u is divided by 13?
5
Let s = -9 + 38. Let i be (50/(-4))/(-5)*2. Let j = i + 3. What is the remainder when s is divided by j?
5
Let a(m) = 58*m**2 + m + 1. Let q(h) = h**2 - 24*h + 91. What is the remainder when a(-1) is divided by q(21)?
2
Let s(p) = -p**3 + 15*p**2 + 17*p. Let y be (-44)/77 + (260/14 - 2). What is the remainder when 79 is divided by s(y)?
15
Suppose 0 = 15*g - 11*g - 5*n - 864, g - 3*n = 223. Calculate the remainder when g is divided by 72.
67
Let q(b) = -b**3 + 5*b**2 + 8. Suppose 2*r + 4*f + 462 = 7*r, 278 = 3*r - 2*f. Calculate the remainder when r is divided by q(4).
22
Suppose -6*o + 2*a + 424 = -2*o, 5*o = -2*a + 512. Calculate the remainder when o is divided by 38.
28
Suppose -3*o + 2*z = -158, 174 + 35 = 4*o - 3*z. Calculate the remainder when o is divided by (-104)/(-9) + (-28)/(-63).
8
Let q(v) = -2*v + 8. Let x be q(-5). Let j = 28 - x. Calculate the remainder when 21 is divided by j.
1
Suppose 4*z - 4*q - 44 = q, 2*q = 0. Let h be 1 - (-9)/6*2. Suppose 0 = -v + 2*g + 31, 3*g = -h*v + 6*g + 99. Calculate the remainder when v is divided by z.
10
Let h = -75 + 131. Calculate the remainder when h is divided by ((-2)/(-3))/((-95)/57)*-30.
8
What is the remainder when (-1 - -1)/(-20 - -21) + 125 is divided by 47?
31
Suppose 344 = -0*j + 4*j. Suppose 2*k - j = -0*k. L